{"id":206,"date":"2010-04-01T20:42:23","date_gmt":"2010-04-01T20:42:23","guid":{"rendered":"\/"},"modified":"2024-04-05T11:47:29","modified_gmt":"2024-04-05T11:47:29","slug":"lager","status":"publish","type":"page","link":"https:\/\/sodrastockholm.barnensgymnastikskola.se\/en\/lager","title":{"rendered":"Camp"},"content":{"rendered":"<div data-elementor-type=\"wp-page\" data-elementor-id=\"206\" class=\"elementor elementor-206\" data-elementor-settings=\"{&quot;element_pack_global_tooltip_width&quot;:{&quot;unit&quot;:&quot;px&quot;,&quot;size&quot;:&quot;&quot;,&quot;sizes&quot;:[]},&quot;element_pack_global_tooltip_width_tablet&quot;:{&quot;unit&quot;:&quot;px&quot;,&quot;size&quot;:&quot;&quot;,&quot;sizes&quot;:[]},&quot;element_pack_global_tooltip_width_mobile&quot;:{&quot;unit&quot;:&quot;px&quot;,&quot;size&quot;:&quot;&quot;,&quot;sizes&quot;:[]},&quot;element_pack_global_tooltip_padding&quot;:{&quot;unit&quot;:&quot;px&quot;,&quot;top&quot;:&quot;&quot;,&quot;right&quot;:&quot;&quot;,&quot;bottom&quot;:&quot;&quot;,&quot;left&quot;:&quot;&quot;,&quot;isLinked&quot;:true},&quot;element_pack_global_tooltip_padding_tablet&quot;:{&quot;unit&quot;:&quot;px&quot;,&quot;top&quot;:&quot;&quot;,&quot;right&quot;:&quot;&quot;,&quot;bottom&quot;:&quot;&quot;,&quot;left&quot;:&quot;&quot;,&quot;isLinked&quot;:true},&quot;element_pack_global_tooltip_padding_mobile&quot;:{&quot;unit&quot;:&quot;px&quot;,&quot;top&quot;:&quot;&quot;,&quot;right&quot;:&quot;&quot;,&quot;bottom&quot;:&quot;&quot;,&quot;left&quot;:&quot;&quot;,&quot;isLinked&quot;:true},&quot;element_pack_global_tooltip_border_radius&quot;:{&quot;unit&quot;:&quot;px&quot;,&quot;top&quot;:&quot;&quot;,&quot;right&quot;:&quot;&quot;,&quot;bottom&quot;:&quot;&quot;,&quot;left&quot;:&quot;&quot;,&quot;isLinked&quot;:true},&quot;element_pack_global_tooltip_border_radius_tablet&quot;:{&quot;unit&quot;:&quot;px&quot;,&quot;top&quot;:&quot;&quot;,&quot;right&quot;:&quot;&quot;,&quot;bottom&quot;:&quot;&quot;,&quot;left&quot;:&quot;&quot;,&quot;isLinked&quot;:true},&quot;element_pack_global_tooltip_border_radius_mobile&quot;:{&quot;unit&quot;:&quot;px&quot;,&quot;top&quot;:&quot;&quot;,&quot;right&quot;:&quot;&quot;,&quot;bottom&quot;:&quot;&quot;,&quot;left&quot;:&quot;&quot;,&quot;isLinked&quot;:true}}\" data-elementor-post-type=\"page\">\n\t\t\t\t<div class=\"elementor-element elementor-element-37da97ee e-flex e-con-boxed e-con e-parent\" data-id=\"37da97ee\" data-element_type=\"container\">\n\t\t\t\t\t<div class=\"e-con-inner\">\n\t\t\t\t<div class=\"elementor-element elementor-element-1a66e0b5 elementor-widget elementor-widget-text-editor\" data-id=\"1a66e0b5\" data-element_type=\"widget\" data-widget_type=\"text-editor.default\">\n\t\t\t\t<div class=\"elementor-widget-container\">\n\t\t\t\t\t\t\t\t\t<p>We organize several camps during both the fall break, sports break and summer break. The fall break camp and sports break camp are aimed at our gymnasts who are taking one of the courses Gymnastics Continuation, Gymnastics Advanced or Gymnastics Speed, as well as those taking the course Gymnastics Basic Training for Adults.<\/p><p>At our larger summer camp in weeks 25 and 26, children who have completed basic gymnastics training can also participate.<\/p><p>\u00a0<\/p><h2 style=\"text-align: center;\">Our camps<\/h2>\t\t\t\t\t\t\t\t<\/div>\n\t\t\t\t<\/div>\n\t\t\t\t<div class=\"elementor-element elementor-element-4a6df6e elementor-grid-2 elementor-grid-tablet-2 elementor-grid-mobile-1 elementor-posts--thumbnail-top elementor-card-shadow-yes elementor-posts__hover-gradient elementor-widget elementor-widget-posts\" data-id=\"4a6df6e\" data-element_type=\"widget\" data-settings=\"{&quot;cards_columns&quot;:&quot;2&quot;,&quot;cards_columns_tablet&quot;:&quot;2&quot;,&quot;cards_columns_mobile&quot;:&quot;1&quot;,&quot;cards_row_gap&quot;:{&quot;unit&quot;:&quot;px&quot;,&quot;size&quot;:35,&quot;sizes&quot;:[]},&quot;cards_row_gap_tablet&quot;:{&quot;unit&quot;:&quot;px&quot;,&quot;size&quot;:&quot;&quot;,&quot;sizes&quot;:[]},&quot;cards_row_gap_mobile&quot;:{&quot;unit&quot;:&quot;px&quot;,&quot;size&quot;:&quot;&quot;,&quot;sizes&quot;:[]}}\" data-widget_type=\"posts.cards\">\n\t\t\t\t<div class=\"elementor-widget-container\">\n\t\t\t\t\t\t\t<div class=\"elementor-posts-container elementor-posts elementor-posts--skin-cards elementor-grid\" role=\"list\">\n\t\t\t\t<article class=\"elementor-post elementor-grid-item post-206 page type-page status-publish has-post-thumbnail hentry category-lager sidmall-bild-topp-kraver-bild-med-minst-1920-pixlar-bredd\" role=\"listitem\">\n\t\t\t<div class=\"elementor-post__card\">\n\t\t\t\t<a class=\"elementor-post__thumbnail__link\" href=\"https:\/\/sodrastockholm.barnensgymnastikskola.se\/en\/lager\" tabindex=\"-1\" ><div class=\"elementor-post__thumbnail\"><img decoding=\"async\" width=\"300\" height=\"145\" src=\"https:\/\/sodrastockholm.barnensgymnastikskola.se\/wp-content\/uploads\/2010\/04\/lager-skumblock-300x145.jpg\" class=\"attachment-medium size-medium wp-image-3415\" alt=\"\" srcset=\"https:\/\/sodrastockholm.barnensgymnastikskola.se\/wp-content\/uploads\/2010\/04\/lager-skumblock-300x145.jpg 300w, https:\/\/sodrastockholm.barnensgymnastikskola.se\/wp-content\/uploads\/2010\/04\/lager-skumblock-600x289.jpg 600w, https:\/\/sodrastockholm.barnensgymnastikskola.se\/wp-content\/uploads\/2010\/04\/lager-skumblock-768x370.jpg 768w, https:\/\/sodrastockholm.barnensgymnastikskola.se\/wp-content\/uploads\/2010\/04\/lager-skumblock-1024x494.jpg 1024w, https:\/\/sodrastockholm.barnensgymnastikskola.se\/wp-content\/uploads\/2010\/04\/lager-skumblock.jpg 1280w\" sizes=\"(max-width: 300px) 100vw, 300px\" \/><\/div><\/a>\n\t\t\t\t<div class=\"elementor-post__text\">\n\t\t\t\t<h3 class=\"elementor-post__title\">\n\t\t\t<a href=\"https:\/\/sodrastockholm.barnensgymnastikskola.se\/en\/lager\" >\n\t\t\t\tCamp\t\t\t<\/a>\n\t\t<\/h3>\n\t\t\t\t<div class=\"elementor-post__excerpt\">\n\t\t\t<p>Vi anordnar flera l\u00e4ger under b\u00e5de h\u00f6stlovet, sportlovet och sommarlovet. H\u00f6stlovsl\u00e4gret och sportlovsl\u00e4gret v\u00e4nder sig till v\u00e5ra gymnaster som g\u00e5r n\u00e5gon av kurserna Gymnastik forts\u00e4ttning, Gymnastik avancerad eller Gymnastik speed, samt de som g\u00e5r kursen Gymnastik grundtr\u00e4ning \u00c4ldre. P\u00e5 v\u00e5rt st\u00f6rre sommarl\u00e4ger v 25 och v 26 kan \u00e4ven barn som g\u00e5tt Gymnastik grundtr\u00e4ning delta. \u00a0 V\u00e5ra l\u00e4ger<\/p>\n\t\t<\/div>\n\t\t\n\t\t<a class=\"elementor-post__read-more\" href=\"https:\/\/sodrastockholm.barnensgymnastikskola.se\/en\/lager\" aria-label=\"Read more about L\u00e4ger\" tabindex=\"-1\" >\n\t\t\tRead more \u00bb\t\t<\/a>\n\n\t\t\t\t<\/div>\n\t\t\t\t\t<\/div>\n\t\t<\/article>\n\t\t\t\t<\/div>\n\t\t\n\t\t\t\t\t\t<\/div>\n\t\t\t\t<\/div>\n\t\t\t\t\t<\/div>\n\t\t\t\t<\/div>\n\t\t\t\t<\/div>","protected":false},"excerpt":{"rendered":"<p>Vi anordnar flera l\u00e4ger under b\u00e5de h\u00f6stlovet, sportlovet och sommarlovet. H\u00f6stlovsl\u00e4gret och sportlovsl\u00e4gret v\u00e4nder sig till v\u00e5ra gymnaster som g\u00e5r n\u00e5gon av kurserna Gymnastik forts\u00e4ttning, Gymnastik avancerad eller Gymnastik speed, samt de som g\u00e5r kursen Gymnastik grundtr\u00e4ning \u00c4ldre. P\u00e5 v\u00e5rt st\u00f6rre sommarl\u00e4ger v 25 och v 26 kan \u00e4ven barn som g\u00e5tt Gymnastik grundtr\u00e4ning delta. [&hellip;]<\/p>","protected":false},"author":140,"featured_media":3415,"parent":0,"menu_order":28,"comment_status":"closed","ping_status":"closed","template":"","meta":{"_acf_changed":false,"footnotes":""},"categories":[8],"tags":[],"sidmall":[253],"class_list":["post-206","page","type-page","status-publish","has-post-thumbnail","hentry","category-lager","sidmall-bild-topp-kraver-bild-med-minst-1920-pixlar-bredd"],"acf":[],"_links":{"self":[{"href":"https:\/\/sodrastockholm.barnensgymnastikskola.se\/en\/wp-json\/wp\/v2\/pages\/206","targetHints":{"allow":["GET"]}}],"collection":[{"href":"https:\/\/sodrastockholm.barnensgymnastikskola.se\/en\/wp-json\/wp\/v2\/pages"}],"about":[{"href":"https:\/\/sodrastockholm.barnensgymnastikskola.se\/en\/wp-json\/wp\/v2\/types\/page"}],"author":[{"embeddable":true,"href":"https:\/\/sodrastockholm.barnensgymnastikskola.se\/en\/wp-json\/wp\/v2\/users\/140"}],"replies":[{"embeddable":true,"href":"https:\/\/sodrastockholm.barnensgymnastikskola.se\/en\/wp-json\/wp\/v2\/comments?post=206"}],"version-history":[{"count":7,"href":"https:\/\/sodrastockholm.barnensgymnastikskola.se\/en\/wp-json\/wp\/v2\/pages\/206\/revisions"}],"predecessor-version":[{"id":12746,"href":"https:\/\/sodrastockholm.barnensgymnastikskola.se\/en\/wp-json\/wp\/v2\/pages\/206\/revisions\/12746"}],"wp:featuredmedia":[{"embeddable":true,"href":"https:\/\/sodrastockholm.barnensgymnastikskola.se\/en\/wp-json\/wp\/v2\/media\/3415"}],"wp:attachment":[{"href":"https:\/\/sodrastockholm.barnensgymnastikskola.se\/en\/wp-json\/wp\/v2\/media?parent=206"}],"wp:term":[{"taxonomy":"category","embeddable":true,"href":"https:\/\/sodrastockholm.barnensgymnastikskola.se\/en\/wp-json\/wp\/v2\/categories?post=206"},{"taxonomy":"post_tag","embeddable":true,"href":"https:\/\/sodrastockholm.barnensgymnastikskola.se\/en\/wp-json\/wp\/v2\/tags?post=206"},{"taxonomy":"sidmall","embeddable":true,"href":"https:\/\/sodrastockholm.barnensgymnastikskola.se\/en\/wp-json\/wp\/v2\/sidmall?post=206"}],"curies":[{"name":"wp","href":"https:\/\/api.w.org\/{rel}","templated":true}]}}

<div data-elementor-type="wp-page" data-elementor-id="206" class="elementor elementor-206" data-elementor-settings="{&quot;element_pack_global_tooltip_width&quot;:{&quot;unit&quot;:&quot;px&quot;,&quot;size&quot;:&quot;&quot;,&quot;sizes&quot;:[]},&quot;element_pack_global_tooltip_width_tablet&quot;:{&quot;unit&quot;:&quot;px&quot;,&quot;size&quot;:&quot;&quot;,&quot;sizes&quot;:[]},&quot;element_pack_global_tooltip_width_mobile&quot;:{&quot;unit&quot;:&quot;px&quot;,&quot;size&quot;:&quot;&quot;,&quot;sizes&quot;:[]},&quot;element_pack_global_tooltip_padding&quot;:{&quot;unit&quot;:&quot;px&quot;,&quot;top&quot;:&quot;&quot;,&quot;right&quot;:&quot;&quot;,&quot;bottom&quot;:&quot;&quot;,&quot;left&quot;:&quot;&quot;,&quot;isLinked&quot;:true},&quot;element_pack_global_tooltip_padding_tablet&quot;:{&quot;unit&quot;:&quot;px&quot;,&quot;top&quot;:&quot;&quot;,&quot;right&quot;:&quot;&quot;,&quot;bottom&quot;:&quot;&quot;,&quot;left&quot;:&quot;&quot;,&quot;isLinked&quot;:true},&quot;element_pack_global_tooltip_padding_mobile&quot;:{&quot;unit&quot;:&quot;px&quot;,&quot;top&quot;:&quot;&quot;,&quot;right&quot;:&quot;&quot;,&quot;bottom&quot;:&quot;&quot;,&quot;left&quot;:&quot;&quot;,&quot;isLinked&quot;:true},&quot;element_pack_global_tooltip_border_radius&quot;:{&quot;unit&quot;:&quot;px&quot;,&quot;top&quot;:&quot;&quot;,&quot;right&quot;:&quot;&quot;,&quot;bottom&quot;:&quot;&quot;,&quot;left&quot;:&quot;&quot;,&quot;isLinked&quot;:true},&quot;element_pack_global_tooltip_border_radius_tablet&quot;:{&quot;unit&quot;:&quot;px&quot;,&quot;top&quot;:&quot;&quot;,&quot;right&quot;:&quot;&quot;,&quot;bottom&quot;:&quot;&quot;,&quot;left&quot;:&quot;&quot;,&quot;isLinked&quot;:true},&quot;element_pack_global_tooltip_border_radius_mobile&quot;:{&quot;unit&quot;:&quot;px&quot;,&quot;top&quot;:&quot;&quot;,&quot;right&quot;:&quot;&quot;,&quot;bottom&quot;:&quot;&quot;,&quot;left&quot;:&quot;&quot;,&quot;isLinked&quot;:true}}" data-elementor-post-type="page">
				<div class="elementor-element elementor-element-37da97ee e-flex e-con-boxed e-con e-parent" data-id="37da97ee" data-element_type="container">
					<div class="e-con-inner">
				<div class="elementor-element elementor-element-1a66e0b5 elementor-widget elementor-widget-text-editor" data-id="1a66e0b5" data-element_type="widget" data-widget_type="text-editor.default">
				<div class="elementor-widget-container">
									<p>We organize several camps during both the fall break, sports break and summer break. The fall break camp and sports break camp are aimed at our gymnasts who are taking one of the courses Gymnastics Continuation, Gymnastics Advanced or Gymnastics Speed, as well as those taking the course Gymnastics Basic Training for Adults.</p><p>At our larger summer camp in weeks 25 and 26, children who have completed basic gymnastics training can also participate.</p><p> </p><h2 style="text-align: center;">Our camps</h2>								</div>
				</div>
				<div class="elementor-element elementor-element-4a6df6e elementor-grid-2 elementor-grid-tablet-2 elementor-grid-mobile-1 elementor-posts--thumbnail-top elementor-card-shadow-yes elementor-posts__hover-gradient elementor-widget elementor-widget-posts" data-id="4a6df6e" data-element_type="widget" data-settings="{&quot;cards_columns&quot;:&quot;2&quot;,&quot;cards_columns_tablet&quot;:&quot;2&quot;,&quot;cards_columns_mobile&quot;:&quot;1&quot;,&quot;cards_row_gap&quot;:{&quot;unit&quot;:&quot;px&quot;,&quot;size&quot;:35,&quot;sizes&quot;:[]},&quot;cards_row_gap_tablet&quot;:{&quot;unit&quot;:&quot;px&quot;,&quot;size&quot;:&quot;&quot;,&quot;sizes&quot;:[]},&quot;cards_row_gap_mobile&quot;:{&quot;unit&quot;:&quot;px&quot;,&quot;size&quot;:&quot;&quot;,&quot;sizes&quot;:[]}}" data-widget_type="posts.cards">
				<div class="elementor-widget-container">
							<div class="elementor-posts-container elementor-posts elementor-posts--skin-cards elementor-grid" role="list">
				<article class="elementor-post elementor-grid-item post-206 page type-page status-publish has-post-thumbnail hentry category-lager sidmall-bild-topp-kraver-bild-med-minst-1920-pixlar-bredd" role="listitem">
			<div class="elementor-post__card">
				<a class="elementor-post__thumbnail__link" href="https://sodrastockholm.barnensgymnastikskola.se/en/lager" tabindex="-1" ><div class="elementor-post__thumbnail"><img decoding="async" width="300" height="145" src="https://sodrastockholm.barnensgymnastikskola.se/wp-content/uploads/2010/04/lager-skumblock-300x145.jpg" class="attachment-medium size-medium wp-image-3415" alt="" srcset="https://sodrastockholm.barnensgymnastikskola.se/wp-content/uploads/2010/04/lager-skumblock-300x145.jpg 300w, https://sodrastockholm.barnensgymnastikskola.se/wp-content/uploads/2010/04/lager-skumblock-600x289.jpg 600w, https://sodrastockholm.barnensgymnastikskola.se/wp-content/uploads/2010/04/lager-skumblock-768x370.jpg 768w, https://sodrastockholm.barnensgymnastikskola.se/wp-content/uploads/2010/04/lager-skumblock-1024x494.jpg 1024w, https://sodrastockholm.barnensgymnastikskola.se/wp-content/uploads/2010/04/lager-skumblock.jpg 1280w" sizes="(max-width: 300px) 100vw, 300px" /></div></a>
				<div class="elementor-post__text">
				<h3 class="elementor-post__title">
			<a href="https://sodrastockholm.barnensgymnastikskola.se/en/lager" >
				Camp			</a>
		</h3>
				<div class="elementor-post__excerpt">
			<p>Vi anordnar flera läger under både höstlovet, sportlovet och sommarlovet. Höstlovslägret och sportlovslägret vänder sig till våra gymnaster som går någon av kurserna Gymnastik fortsättning, Gymnastik avancerad eller Gymnastik speed, samt de som går kursen Gymnastik grundträning Äldre. På vårt större sommarläger v 25 och v 26 kan även barn som gått Gymnastik grundträning delta.   Våra läger</p>
		</div>
		
		<a class="elementor-post__read-more" href="https://sodrastockholm.barnensgymnastikskola.se/en/lager" aria-label="Read more about Läger" tabindex="-1" >
			Read more »		</a>

				</div>
					</div>
		</article>
				</div>
		
						</div>
				</div>
					</div>
				</div>
				</div>

<p>Vi anordnar flera läger under både höstlovet, sportlovet och sommarlovet. Höstlovslägret och sportlovslägret vänder sig till våra gymnaster som går någon av kurserna Gymnastik fortsättning, Gymnastik avancerad eller Gymnastik speed, samt de som går kursen Gymnastik grundträning Äldre. På vårt större sommarläger v 25 och v 26 kan även barn som gått Gymnastik grundträning delta. [&hellip;]</p>
